 + 7*n = 3*n - 64, 5*j + 2*n - 87 = 0. List the prime factors of a(j).
5, 31
Let o = -139 - -139. Suppose o = -286*y + 290*y - 320. What are the prime factors of y?
2, 5
Let m = -29372 + 57795. What are the prime factors of m?
43, 661
Suppose -20*b - 1470 = -5*b. Let p = b + 666. What are the prime factors of p?
2, 71
Let p be 82*(16/(-136) - (-8814)/68). Suppose p = -4*f + 45*f. What are the prime factors of f?
7, 37
Suppose 5*w + 20 = 0, -6*j + 2*w = -3*j - 20. Let f(t) = 25*t + 20 + 37*t - 30*t. List the prime factors of f(j).
2, 37
Let w(j) = 607*j**2 - 670*j + 5272. What are the prime factors of w(8)?
2, 3, 5, 17, 19
Suppose q - x + 5 = -8, 5*x + 55 = -5*q. What are the prime factors of -10*(-10)/75 - 12428/q?
17, 61
Let o = 6825 - -64219. What are the prime factors of o?
2, 17761
Let a = -249 + 252. Suppose -4*g - 923 = -3*q, -3*q = a*g - 1113 + 183. List the prime factors of q.
3, 103
Suppose f - 550 = -154. Suppose 22*b - 25*b = f. Let n = -41 - b. List the prime factors of n.
7, 13
Let w be 3 + (-36)/15 - 152/(-5). Suppose 58 = 5*s + 3*o, 0*o = 3*s - 2*o - w. Let p(v) = -v**3 + 10*v**2 + 12*v + 9. What are the prime factors of p(s)?
2, 5
Suppose 0 = -4*b + n - 6, 4*n + 0 = 8. What are the prime factors of 0 + (1068 - (9 + b))?
2, 5, 53
Suppose 2*b - 10 = 5*z, -2*z - 3*z - 2*b = -10. Suppose z = -10*l + 12*l - 162. Let a = -47 + l. List the prime factors of a.
2, 17
Let t(o) be the third derivative of -13*o**4/8 + o**3/2 - o**2. Suppose 11*k = 14*k - 3*d + 6, 29 = -4*k - 3*d. What are the prime factors of t(k)?
2, 3, 11
Let m(s) be the third derivative of -s**5/60 - s**4/12 + 7*s**3/2 - 35*s**2. Let r be m(9). Let v = r - -227. List the prime factors of v.
149
Suppose -37*a + 48*a + 44 = 0. List the prime factors of 316176/630 + a/(-30).
2, 251
Let n(c) = -10*c**3 + 9*c**2 - 188*c - 2558. What are the prime factors of n(-13)?
97, 241
Let q(k) = -1 - 7*k + 16*k - 10*k. Let n(x) = 7*x + 6. Let h(w) = -n(w) + 4*q(w). List the prime factors of h(-13).
7, 19
Let o(y) = -y**2 - 6*y - 3. Let t be o(-2). Let b = 811 + -808. Suppose -t*u = -5*w - b*u + 236, -4*w = -u - 187. What are the prime factors of w?
2, 23
Let u = 2620 - -16185. What are the prime factors of u?
5, 3761
Let m(r) = -31*r**3 - 7*r**2 - 31*r - 173. What are the prime factors of m(-6)?
11, 587
Let z = -71 + 80. Suppose 4*p = d + 61, 5*p - z = -d + 74. Suppose -p*b - 270 = -21*b. What are the prime factors of b?
2, 3
Let c be (-6)/33 + 4/22. Suppose 4 = 2*r - c. Suppose -5*v = -r*y - 0*y + 29, v = 2*y - 41. List the prime factors of y.
2, 11
Let c(k) = 35*k**2 + 80*k + 2023. What are the prime factors of c(-29)?
2, 17, 857
Suppose n = -5*x - 13, 0 = 3*n + 4*x + 8 + 20. Let j(h) = -19*h - 19. Let a(q) = -q. Let l(c) = -6*a(c) + j(c). List the prime factors of l(n).
5, 17
Let w(r) = 5*r - 40 + 3*r - 9*r + r**2 + 15*r + 2*r**2. What are the prime factors of w(-15)?
5, 17
Suppose 0 = -3*d + 2*n + 2264, 3*d - n - 2*n - 2259 = 0. Let c = -188 + d. List the prime factors of c.
2, 3, 5, 19
Suppose -27*b = 98 + 37. List the prime factors of (7/(-4))/(b/5200).
2, 5, 7, 13
Let f = 17444 - -19923. List the prime factors of f.
11, 43, 79
Let n(r) = 384*r - 26. What are the prime factors of n(4)?
2, 5, 151
Let m(x) = 23*x + 7378. List the prime factors of m(-119).
3, 7, 13, 17
Suppose 0 = -3*j + d - 8, -5*d + 8*d = 3*j + 6. Let v be 4/j + (-39)/(-9). Suppose v*z = 7*z - 392. List the prime factors of z.
2, 7
Suppose 3*t - 5*d - 95942 = 0, -5*t + 146249 + 13737 = 2*d. List the prime factors of t.
2, 17, 941
Suppose -36 = 4*a + 3*x, -2*a - 6*x - 28 = -2*x. Let l be 120/(-16)*(-32)/a. What are the prime factors of -436*4/l*5?
2, 109
Let m be (4/(-5))/(34/(-170)). Suppose n = -m*a + 8*a - 3357, 0 = 4*n + 20. What are the prime factors of a?
2, 419
Let s(k) = 84*k + 276. Let f be s(-3). Let m be 439 + (-4)/2 + 1. Suppose 26*x - m = f*x. List the prime factors of x.
3, 73
Let n = 20270 + -9345. List the prime factors of n.
5, 19, 23
Suppose -4345 - 10335 = -40*b. List the prime factors of b.
367
Let h be ((-720)/(-21))/8 + (-12)/42. Suppose -3*m - 5*n + 1388 = -3488, 0 = -2*m - h*n + 3252. What are the prime factors of m?
2, 811
Suppose -5*i = -2*n + 6, 18 = 2*n + 2*i - 4*i. Suppose 4*v + 4*p = 16, -v + 9 = -4*v + 4*p. Suppose -v = -n*b + 1494. What are the prime factors of b?
5, 23
Let n be (-15)/(-6*(-3)/(-12)). Let h be -2 + n - (-6 - -8). What are the prime factors of 477/h + (-3)/(-6)?
2, 5
Let t(y) = -1749*y - 471. List the prime factors of t(-10).
3, 31, 61
Suppose 1242*a - 2*g = 1247*a - 87361, 2*g = -4. List the prime factors of a.
101, 173
Let i(t) = 258*t - 102. What are the prime factors of i(16)?
2, 3, 11, 61
Let x(g) = g + 10. Let h be x(-5). Suppose -h*p = -15, -79 = 3*w - 3*p - 31. What are the prime factors of (w - 116)*(-2)/3?
2, 43
Let m = 2426 - -5084. List the prime factors of m.
2, 5, 751
Suppose 336451 - 1345560 = -50*o + 144691. What are the prime factors of o?
2, 3, 641
Let o = -6029 + 8766. List the prime factors of o.
7, 17, 23
Let r = 69733 + -43248. List the prime factors of r.
5, 5297
Suppose -2*d = -l + 2082, l + 8358 = 5*l + 2*d. Suppose -99*u - l = -105*u. List the prime factors of u.
2, 3, 29
Let v(d) be the first derivative of 50/3*d**3 - 7 + 1/2*d**2 - 4*d. What are the prime factors of v(-2)?
2, 97
Let s = 8 + 8. Let r be 8/16*(1 + -1). Suppose r = 10*d - 844 - s. List the prime factors of d.
2, 43
Suppose 4*c - 775 = -755. Suppose z + 2990 = 4*k, 2*z = -c*k + 5*z + 3741. List the prime factors of k.
3, 83
Let t(s) = 6 + 4*s + 1 - s - 16. Let c(u) = -2*u**3 + 2*u + 2. Let i be c(-2). List the prime factors of t(i).
3, 11
Let s(t) = 14*t**2 + 9*t - 14. Let g(w) = w**3 - 13*w**2 - 33*w + 37. Let a be g(15). What are the prime factors of s(a)?
2, 3, 5
Suppose 2*a - 5*j - 2 = -0*j, 5*a + 30 = -5*j. Let b(x) = 2*x**2 + 6*x + 7. Let d be b(a). Let y = d + -13. List the prime factors of y.
2
Suppose -3*a + 9665 = 2*h, 5*a - 3*h = -0*h + 16121. Suppose -4*z = 3*x - a, 4*z = 4*x + 5*z - 4280. List the prime factors of x.
1069
Let q be 3 - 29/9 - 1430/45. Let p be ((-4)/(-6))/(q/(-144)). Suppose 3*i - p*o + 154 = 5*i, o = -2. List the prime factors of i.
2, 5
Let y(b) = 6*b**2 - 6*b - 37. Let f be 134/(-26) + (-32)/(-208). List the prime factors of y(f).
11, 13
Suppose 2*s - 11 = 3*g, 0 = -s + 4*s + 3*g - 9. Suppose -3*v + s*v - 169 = 0. Let h = v + -39. What are the prime factors of h?
2, 5, 13
Let y be (-2)/5 + (-1944)/(-10). Let l = -620 + 554. Let o = l + y. List the prime factors of o.
2
Let a = 55 - 62. List the prime factors of (-6 - -425) + a + 3.
5, 83
Suppose 0 = -7*g - 20*g - 2*g + 469249. List the prime factors of g.
11, 1471
Suppose 187 = -53*w + 1565. List the prime factors of 16272/w + ((-54)/39)/(-9).
2, 313
Suppose -2*c + 12 = x + 2*x, -c - 1 = -2*x. Suppose -1267 = -x*y - 151. What are the prime factors of y?
2, 3, 31
Suppose 43155 = 3*s + 5*l, 2*s + 1392*l = 1388*l + 28770. What are the prime factors of s?
3, 5, 7, 137
Let n(y) = 3331*y**2 + 5*y - 4. Let u be n(1). Suppose -5*w - t + u = -0*w, -4*t + 2672 = 4*w. What are the prime factors of w?
2, 3, 37
What are the prime factors of (-103 - -4)/(-9) - (-93782 + -8)?
3, 31267
Let z(c) = -242*c**2 - 4*c. Suppose 15 = -3*p + 4*o, 6*o - 15 = o. Let m(s) = s**2 - s. Let u(v) = p*z(v) + 3*m(v). List the prime factors of u(-1).
2, 61
Let y = 123870 + -84015. List the prime factors of y.
3, 5, 2657
Let i(k) = k**2 + 7*k - 10. Let f be i(-12). Suppose -4*d - 44 = 2*w, -6 = -3*d + 4*w - f. List the prime factors of (6/(-9))/(d/882).
7
Let c(y) = 12*y**3 - 28*y**2 + 398*y - 8. What are the prime factors of c(13)?
2, 13399
What are the prime factors of (14 - 2 - 13) + (-16085)/(-1)?
2, 4021
Let k(z) = -z**2 + z. Let d(j) = 5*j**2 - 15*j - 13. Let b(n) = -d(n) - 6*k(n). Let s be b(-11). List the prime factors of ((-36)/15)/(2 + (-71)/s).
2, 3, 7
Let o be (357/28 - 9)/((-3)/(-8)). Let c = 605 + -425. List the prime factors of o/25*c/2.
2, 3
Suppose 137385 + 430494 = 13*x. List the prime factors of x.
3, 14561
Let m(u) = -2*u + 29. Let s be m(15). Let n be s/(-2) - (-187)/22. What are the prime factors of 1539/n - (2 - -1)?
2, 3, 7
Let g(p) = 3*p**2 - 7*p - 8. Let i(b) = b**2 - b - 1. Let u(j) = -g(j) + 2*i(j). 